Let k(v) = -v + 19. Give k(16).
3
Let l(h) = h**3 + 12*h**2 + 21*h + 688. Determine l(-14).
2
Let m(x) = 3*x**2 - 2*x + 5. What is m(3)?
26
Let o(u) = -7*u + 3. What is o(-2)?
17
Let f(t) = t**3 + 9*t**2 + 8*t + 1. Calculate f(-7).
43
Let c(w) = 48*w**2 - 2*w - 6. Determine c(-2).
190
Let w(g) = -12*g + 143. What is w(8)?
47
Let t(o) = o**3 - 9*o**2 + 19*o - 9. Give t(6).
-3
Let h(s) = s**3 + 3*s**2. Give h(-3).
0
Let g(o) = 3*o + 62. Calculate g(-20).
2
Let l(x) = 96*x**2 - 1. Calculate l(-1).
95
Let i(c) = c**3 + 7*c**2 - 11*c - 9. Calculate i(-9).
-72
Let a(r) = r**3 + 6*r**2 + 4. Give a(-6).
4
Let h(l) = l**3 + 19*l**2 + 20*l. Give h(-18).
-36
Let b(a) = -37*a - 221. Give b(-6).
1
Let u(y) = -2*y**3 + 17*y - 27. Calculate u(2).
-9
Let s(d) = d**3 - 7*d**2 + 6*d - 32. Determine s(7).
10
Let p(k) = 15*k**3 - k**2 + 2*k - 1. Calculate p(1).
15
Let m(z) = -2*z**2 - 3*z - 4. Calculate m(-3).
-13
Let c(d) = 26*d**2 + 5*d + 6. Calculate c(-1).
27
Let u(w) = w**3 - 4*w**2 - 11*w - 2. What is u(6)?
4
Let f(u) = u**2 - 8*u + 10. Give f(8).
10
Let m(w) = 24*w - 111. Calculate m(4).
-15
Let w(s) = -s - 17. Determine w(-9).
-8
Let o(y) = -3*y**3 - 2*y**2 + 3*y - 2. What is o(-3)?
52
Let k(h) = 4*h - 112. What is k(31)?
12
Let p(i) = 6*i - 29. Calculate p(29).
145
Let s(d) = -d**3 + 37*d**2 + 76*d + 94. What is s(39)?
16
Let x(d) = -d**2 - 4*d + 17. Calculate x(-7).
-4
Let f(i) = -124*i + 376. Calculate f(3).
4
Let r(k) = -k**3 + 26*k**2 + 2*k - 52. What is r(26)?
0
Let i(n) = -n**3 - 5*n**2 + n + 5. Give i(-5).
0
Let y(p) = -4*p**2 + 60*p - 4. What is y(15)?
-4
Let z(n) = -n**3 + 2*n**2 + 5*n - 3. What is z(4)?
-15
Let z(q) = -4*q**3 + q**2. Calculate z(-1).
5
Let y(v) = v**3 + 60*v**2 - 120*v + 253. Determine y(-62).
5
Let a(r) = -2*r**2 + 7. Calculate a(-3).
-11
Let v(y) = 6*y - 27. Give v(-10).
-87
Let m(h) = -h + 8. Calculate m(-14).
22
Let m(k) = -7*k**2 - 6*k - 16. What is m(-2)?
-32
Let n(v) = -v**2 + 37*v - 170. Determine n(6).
16
Let u(v) = 4*v**2 + 2*v - 5. Calculate u(2).
15
Let d(k) = 6*k + 1. What is d(-2)?
-11
Let o(x) = -53*x - 215. Give o(-5).
50
Let c(l) = 11*l + 14. What is c(-6)?
-52
Let n(d) = d**3 - 31*d**2 - 51*d - 493. What is n(33)?
2
Let p(j) = j + 2. Give p(0).
2
Let a(w) = 5*w + 59. Give a(-13).
-6
Let g(w) = w - 32. Determine g(13).
-19
Let r(w) = -3*w - 17. What is r(13)?
-56
Let d(m) = m**3 + m**2 + m - 2. Calculate d(0).
-2
Let n(t) = -7*t + 14. Give n(4).
-14
Let p(x) = -2*x**2 - 2*x + 24. What is p(0)?
24
Let j(m) = -7*m**2 + m + 3. Give j(-2).
-27
Let z(r) = r + 9. What is z(9)?
18
Let a(r) = -r**2 - 3*r + 1. Calculate a(-2).
3
Let o(p) = 3*p**2 - 6*p + 4. What is o(4)?
28
Let b(z) = -4*z**2 - 10*z - 8. What is b(-3)?
-14
Let a(s) = 15*s + 24. Calculate a(-9).
-111
Let l(h) = -2*h + 37. Determine l(18).
1
Let t(n) = n**3 - 9*n**2 - n + 2. Calculate t(9).
-7
Let c(w) = -w**2 + 24*w - 48. Calculate c(2).
-4
Let v(y) = -17*y - 7. What is v(-2)?
27
Let a(t) = -2*t - 135. Give a(0).
-135
Let h(n) = -55*n - 218. Give h(-4).
2
Let b(l) = -l**2 - 10*l - 12. Calculate b(-9).
-3
Let o(k) = 3*k**2 - 2*k + 1. Calculate o(3).
22
Let v(g) = 2*g**3 - 30*g**2 + 5*g - 69. Determine v(15).
6
Let i(s) = s**2 - 15*s + 20. Calculate i(11).
-24
Let c(o) = 2*o**3 - 5*o**2 + o + 8. Give c(3).
20
Let t(d) = d + 5. What is t(-12)?
-7
Let k(d) = -2*d**3 - 6*d**2 - 7*d - 10. Calculate k(-4).
50
Let q(j) = -2*j**2 + 10*j - 5. Give q(7).
-33
Let f(t) = 28*t + 32. What is f(4)?
144
Let s(k) = -k**3 + 9*k**2 - 4*k. What is s(8)?
32
Let d(a) = -27*a. Calculate d(-1).
27
Let s(c) = 2*c**3 - c**2 - c + 1. Give s(-1).
-1
Let g(f) = f**3 - 34*f**2 + 66*f - 64. Give g(32).
0
Let x(z) = 11*z - 47. Determine x(3).
-14
Let n(r) = -r + 3. Give n(11).
-8
Let g(b) = 18*b + 344. What is g(-19)?
2
Let z(v) = 7*v - 16. What is z(-8)?
-72
Let h(r) = 4*r + 165. Determine h(-45).
-15
Let s(b) = 65*b - 339. What is s(5)?
-14
Let n(w) = 66*w**2 + 1. Calculate n(1).
67
Let t(i) = -4*i - 4. Calculate t(6).
-28
Let f(i) = i**2 - 9*i - 14. Determine f(12).
22
Let f(p) = -p - 11. What is f(-3)?
-8
Let u(s) = -s**2 - 7*s - 5. Calculate u(-5).
5
Let g(f) = -f**3 - 21*f**2 + 19*f - 45. What is g(-22)?
21
Let g(t) = 16*t + 2. Determine g(-1).
-14
Let f(o) = 12*o - 8. Give f(1).
4
Let u(c) = -c**3 - 4*c**2 - c - 20. Determine u(-5).
10
Let k(r) = r + 19. Calculate k(-6).
13
Let c(z) = -z**2 - 7*z - 9. Determine c(-7).
-9
Let x(q) = -2*q**2 + q - 2. What is x(2)?
-8
Let r(y) = y**3 + 13*y**2 + 27*y - 28. Give r(-10).
2
Let r(q) = -9*q - 14. Determine r(7).
-77
Let m(j) = 3*j**2 - 21*j + 21. What is m(6)?
3
Let p(f) = -7*f - 7. Give p(-4).
21
Let i(f) = -3*f**2 + 30*f - 28. Give i(9).
-1
Let j(u) = -u**3 - 5*u**2 - 3*u + 2. Give j(-4).
-2
Let u(w) = 5*w - 17. Give u(5).
8
Let h(x) = -6*x**2 + 42*x + 4. Determine h(7).
4
Let x(p) = p**3 - 1. Give x(-3).
-28
Let z(c) = 2*c - 2. What is z(-1)?
-4
Let n(q) = -q**3 + 7*q**2 + 6*q + 16. What is n(8)?
0
Let p(m) = m**2 - 13*m + 20. Determine p(11).
-2
Let m(v) = -18*v + 21. Determine m(1).
3
Let k(v) = -8*v**2 + 14*v + 23. Calculate k(-2).
-37
Let s(q) = -48*q**2 - 1. What is s(1)?
-49
Let v(p) = -p**2 + 4*p + 12. Give v(-5).
-33
Let g(t) = 4*t - 2. What is g(-1)?
-6
Let d(a) = -a**2 - 18*a + 18. Determine d(-20).
-22
Let y(k) = -k**2 + 208*k + 846. Give y(-4).
-2
Let s(z) = z**2 + 4*z - 36. Give s(-8).
-4
Let r(l) = -17*l - 140. What is r(-8)?
-4
Let m(i) = -i**2 + 2*i. Determine m(-5).
-35
Let t(r) = 7*r + 50. Determine t(-19).
-83
Let j(d) = 14*d - 17. Determine j(1).
-3
Let p(k) = 7*k - 128. Determine p(17).
-9
Let n(m) = -m**3 + 11*m**2 - 4. Give n(11).
-4
Let d(v) = -v**3 + 5*v**2 - v + 4. Determine d(4).
16
Let b(g) = -g**2 - 10*g + 4. Give b(6).
-92
Let q(t) = -32*t**3 - 3*t**2 + t + 1. Calculate q(1).
-33
Let n(a) = 3*a**2 + a - 7. Calculate n(-3).
17
Let c(s) = s**2 - 12*s + 35. Give c(3).
8
Let u(v) = v**3 - 13*v**2 - 24*v - 82. What is u(15)?
8
Let x(r) = 5*r**2 + 2*r - 1. Determine x(-2).
15
Let a(k) = 2*k**2 - 111*k - 344. What is a(-3)?
7
Let k(m) = -6*m + 14. Calculate k(-6).
50
Let a(j) = 3*j**2 + j - 4. Determine a(-2).
6
Let y(d) = -d**3 + 4*d**2 - 3*d + 4. Give y(4).
-8
Let w(a) = -34*a**2 + 4*a. Determine w(2).
-128
Let l(j) = j**3 - 20*j**2 + 3*j - 49. Determine l(20).
11
Let p(o) = 2*o**3 + 12*o**2 + 2*o - 28. Calculate p(-5).
12
Let r(h) = 4*h - 1. Calculate r(-3).
-13
Let x(s) = 23*s + 80. Determine x(-3).
11
Let a(q) = 3*q**2 + 2*q - 5. Calculate a(-2).
3
Let n(k) = k**3 + 5*k**2 - 10*k - 12. Determine n(-6).
12
Let z(s) = -2*s**2 - 11*s - 2. Calculate z(-6).
-8
Let h(y) = 151*y + 15. Give h(-1).
-136
Let w(g) = -13*g**2 - 77*g + 6. What is w(-6)?
0
Let r(y) = y**2 - y - 37. Give r(-5).
-7
Let r(z) = 2*z + 22. What is r(-8)?
6
Let q(l) = l**2 + 8*l + 10. Give q(-11).
43
Let r(u) = -109*u**3 + u. Determine r(-1).
108
Let v(o) = 5*o + 24. Determine v(-12).
-36
Let a(r) = -r**2 - r + 9. Calculate a(0).
9
Let h(o) = -o**3 - 19*o**2 + 4*o - 14. Give h(-19).
-90
Let l(j) = -4*j**2 - 85*j + 66. Calculate l(-22).
0
Let d(h) = -5*h - 22. Calculate d(-6).
8
Let i(m) = 4*m - 55. Give i(16).
9
Let a(b) = b**3 - 21*b**2 - 45*b - 55. Give a(23).
-32
Let s(l) = -83*l - 328. Give s(-4).
4
Let y(s) = 2*s**2 - 6*s + 21. What is y(3)?
21
Let b(c) = c**2 - 42*c + 3. Give b(42).
3
Let s(l) = l**3 - 8*l**2 - 10*l - 24. Give s(9).
-33
Let t(i) = -10*i + 33. What is t(7)?
-37
Let h(j) = j**3 + 4*j**2 + 6*j - 8. Give h(-6).
-116
Let s(n) = -8*n**2 - 39*n - 36. Calculate s(-1).
-5
Let p(x) = -6*x**3 + x**2 - 7*x - 8. What is p(-1)?
6
Let b(s) = 2*s + 6. What is b(6)?
18
Let y(c) = 13*c + 14. What is y(-1)?
1
Let f(d) = -d + 36. Determine f(19).
17
Let t(b) = -2*b**2 + 8*b - 10. Calculate t(4).
-10
Let o(i) = i**2 + 35*i + 165. Determine o(-6).
-9
Let a(z) = -z**2 - 12*z + 4. Give a(-11).
15
Let c(u) = -2*u**2 - 2*u + 2. Give c(-2).
-2
Let t(p) = -p**2 + 12*p + 1. What is t(9)?
28
Let n(p) = p**2 + 2*p + 38. What is n(0)?
38
Let q(y) = y**2 - y - 20. Calculate q(0).
-20
Let y(i) = -3*i**2 - i + 1. Calculate y(-1).
-1
Let n(m) = 2*m + 61. Determine n(-15).
31
Let z(m) = 10*m - 214. Calculate z(22).
6
Let b(g) = g + 14. What is b(3)?
17
Let j(i) = -2*i - 17. Determine j(-7).
-3
Let r(w) = -w - 50. Calculate r(-62).
12
Let p(s) = 73*s. W